{"id":165,"date":"2022-05-03T17:11:50","date_gmt":"2022-05-03T17:11:50","guid":{"rendered":"http:\/\/calidadecuador.produccion.gob.ec\/?page_id=165"},"modified":"2025-06-05T09:20:41","modified_gmt":"2025-06-05T14:20:41","slug":"comite-interinstitucional","status":"publish","type":"page","link":"http:\/\/calidadecuador.produccion.gob.ec\/?page_id=165","title":{"rendered":"Comite Interministerial"},"content":{"rendered":"\n<div class=\"wp-block-columns is-layout-flex wp-container-core-columns-is-layout-1 wp-block-columns-is-layout-flex\">\n<div class=\"wp-block-column is-layout-flow wp-block-column-is-layout-flow\" style=\"flex-basis:25%\">\n<figure class=\"wp-block-image size-large is-style-default\"><img loading=\"lazy\" decoding=\"async\" width=\"1024\" height=\"926\" src=\"http:\/\/calidadecuador.produccion.gob.ec\/wp-content\/uploads\/2022\/05\/botonInterministerial-01-1024x926.jpg\" alt=\"\" class=\"wp-image-355\" srcset=\"http:\/\/calidadecuador.produccion.gob.ec\/wp-content\/uploads\/2022\/05\/botonInterministerial-01-1024x926.jpg 1024w, http:\/\/calidadecuador.produccion.gob.ec\/wp-content\/uploads\/2022\/05\/botonInterministerial-01-300x271.jpg 300w, http:\/\/calidadecuador.produccion.gob.ec\/wp-content\/uploads\/2022\/05\/botonInterministerial-01-768x694.jpg 768w, http:\/\/calidadecuador.produccion.gob.ec\/wp-content\/uploads\/2022\/05\/botonInterministerial-01.jpg 1125w\" sizes=\"(max-width: 1024px) 100vw, 1024px\" \/><\/figure>\n<\/div>\n\n\n\n<div class=\"wp-block-column is-layout-flow wp-block-column-is-layout-flow\" style=\"flex-basis:75%\">\n<p class=\"titulo-detalle\"><em><em>Aqu\u00ed encontrar\u00e1s el Plan Nacional de la Calidad establecido por el Comit\u00e9 interministerial de la Calidad, como \u00d3rgano colegiado interinstitucional, el cual tiene la funci\u00f3n de coordinar y articular acciones referentes a la calidad<\/em><\/em><\/p>\n<\/div>\n<\/div>\n\n\n\n<ul class=\"lista-menu-pagina\">\n<li>PLAN NACIONAL DE LA CALIDAD\n<ul>\n<li><a href=\"https:\/\/www.produccion.gob.ec\/wp-content\/uploads\/downloads\/2021\/12\/Plan-Nacional-de-la-Calidad-2020-2021_CIMC-1.pdf\" target=\"_blank\" rel=\"noreferrer noopener\">2020<\/a><\/li>\n\n\n\n<li><a href=\"https:\/\/www.produccion.gob.ec\/wp-content\/uploads\/downloads\/2021\/12\/Plan-Nacional-de-la-Calidad-2020-2021_CIMC-1.pdf\" target=\"_blank\" rel=\"noreferrer noopener\">2021<\/a><\/li>\n\n\n\n<li><a href=\"https:\/\/www.produccion.gob.ec\/wp-content\/uploads\/downloads\/2021\/12\/PLAN-NACIONAL-DE-CALIDAD-2022.pdf\" target=\"_blank\" rel=\"noreferrer noopener\">2022<\/a><\/li>\n\n\n\n<li><a href=\"https:\/\/www.produccion.gob.ec\/wp-content\/uploads\/downloads\/2023\/05\/Plan-Nacional-de-la-Calidad-2023-CIMC-vf.pdf\" target=\"_blank\" rel=\"noreferrer noopener\">2023<\/a><\/li>\n\n\n\n<li><a href=\"https:\/\/www.produccion.gob.ec\/wp-content\/uploads\/downloads\/2024\/04\/Plan-Nacional-de-la-Calidad-2024-2.pdf\" target=\"_blank\" rel=\"noreferrer noopener\">2024<\/a><\/li>\n\n\n\n<li><a href=\"https:\/\/www.produccion.gob.ec\/wp-content\/uploads\/downloads\/2025\/06\/Plan-Nacional-de-la-Calidad-2025.pdf\" target=\"_blank\" rel=\"noreferrer noopener\">2025<\/a><\/li>\n<\/ul>\n<\/li>\n<\/ul>\n","protected":false},"excerpt":{"rendered":"<p>Aqu\u00ed encontrar\u00e1s el Plan Nacional de la Calidad establecido por el Comit\u00e9 interministerial de la Calidad, como \u00d3rgano colegiado interinstitucional, el cual tiene la funci\u00f3n de coordinar y articular acciones &#8230;<\/p>\n","protected":false},"author":1,"featured_media":0,"parent":0,"menu_order":0,"comment_status":"closed","ping_status":"closed","template":"","meta":{"footnotes":""},"_links":{"self":[{"href":"http:\/\/calidadecuador.produccion.gob.ec\/index.php?rest_route=\/wp\/v2\/pages\/165"}],"collection":[{"href":"http:\/\/calidadecuador.produccion.gob.ec\/index.php?rest_route=\/wp\/v2\/pages"}],"about":[{"href":"http:\/\/calidadecuador.produccion.gob.ec\/index.php?rest_route=\/wp\/v2\/types\/page"}],"author":[{"embeddable":true,"href":"http:\/\/calidadecuador.produccion.gob.ec\/index.php?rest_route=\/wp\/v2\/users\/1"}],"replies":[{"embeddable":true,"href":"http:\/\/calidadecuador.produccion.gob.ec\/index.php?rest_route=%2Fwp%2Fv2%2Fcomments&post=165"}],"version-history":[{"count":12,"href":"http:\/\/calidadecuador.produccion.gob.ec\/index.php?rest_route=\/wp\/v2\/pages\/165\/revisions"}],"predecessor-version":[{"id":584,"href":"http:\/\/calidadecuador.produccion.gob.ec\/index.php?rest_route=\/wp\/v2\/pages\/165\/revisions\/584"}],"wp:attachment":[{"href":"http:\/\/calidadecuador.produccion.gob.ec\/index.php?rest_route=%2Fwp%2Fv2%2Fmedia&parent=165"}],"curies":[{"name":"wp","href":"https:\/\/api.w.org\/{rel}","templated":true}]}}

<div class="wp-block-columns is-layout-flex wp-container-core-columns-is-layout-1 wp-block-columns-is-layout-flex">
<div class="wp-block-column is-layout-flow wp-block-column-is-layout-flow" style="flex-basis:25%">
<figure class="wp-block-image size-large is-style-default"><img loading="lazy" decoding="async" width="1024" height="926" src="http://calidadecuador.produccion.gob.ec/wp-content/uploads/2022/05/botonInterministerial-01-1024x926.jpg" alt="" class="wp-image-355" srcset="http://calidadecuador.produccion.gob.ec/wp-content/uploads/2022/05/botonInterministerial-01-1024x926.jpg 1024w, http://calidadecuador.produccion.gob.ec/wp-content/uploads/2022/05/botonInterministerial-01-300x271.jpg 300w, http://calidadecuador.produccion.gob.ec/wp-content/uploads/2022/05/botonInterministerial-01-768x694.jpg 768w, http://calidadecuador.produccion.gob.ec/wp-content/uploads/2022/05/botonInterministerial-01.jpg 1125w" sizes="(max-width: 1024px) 100vw, 1024px" /></figure>
</div>



<div class="wp-block-column is-layout-flow wp-block-column-is-layout-flow" style="flex-basis:75%">
<p class="titulo-detalle"><em><em>Aquí encontrarás el Plan Nacional de la Calidad establecido por el Comité interministerial de la Calidad, como Órgano colegiado interinstitucional, el cual tiene la función de coordinar y articular acciones referentes a la calidad</em></em></p>
</div>
</div>



<ul class="lista-menu-pagina">
<li>PLAN NACIONAL DE LA CALIDAD
<ul>
<li><a href="https://www.produccion.gob.ec/wp-content/uploads/downloads/2021/12/Plan-Nacional-de-la-Calidad-2020-2021_CIMC-1.pdf" target="_blank" rel="noreferrer noopener">2020</a></li>



<li><a href="https://www.produccion.gob.ec/wp-content/uploads/downloads/2021/12/Plan-Nacional-de-la-Calidad-2020-2021_CIMC-1.pdf" target="_blank" rel="noreferrer noopener">2021</a></li>



<li><a href="https://www.produccion.gob.ec/wp-content/uploads/downloads/2021/12/PLAN-NACIONAL-DE-CALIDAD-2022.pdf" target="_blank" rel="noreferrer noopener">2022</a></li>



<li><a href="https://www.produccion.gob.ec/wp-content/uploads/downloads/2023/05/Plan-Nacional-de-la-Calidad-2023-CIMC-vf.pdf" target="_blank" rel="noreferrer noopener">2023</a></li>



<li><a href="https://www.produccion.gob.ec/wp-content/uploads/downloads/2024/04/Plan-Nacional-de-la-Calidad-2024-2.pdf" target="_blank" rel="noreferrer noopener">2024</a></li>



<li><a href="https://www.produccion.gob.ec/wp-content/uploads/downloads/2025/06/Plan-Nacional-de-la-Calidad-2025.pdf" target="_blank" rel="noreferrer noopener">2025</a></li>
</ul>
</li>
</ul>

<p>Aquí encontrarás el Plan Nacional de la Calidad establecido por el Comité interministerial de la Calidad, como Órgano colegiado interinstitucional, el cual tiene la función de coordinar y articular acciones &#8230;</p>
